+ 5*j - 44 = 41, -x = 5*j - 25. Calculate the remainder when m is divided by x.
19
Let f = 1966 + -1907. Calculate the remainder when f is divided by 20/(1 - 2/6).
29
Suppose 5*h - 261 = 5*x + 279, 0 = -h - 3*x + 100. Calculate the remainder when h is divided by 34.
4
Suppose 80 = 2*v + 3*v. Let w be ((-1 - -5) + 7/(-2))*22. Let m = v - w. What is the remainder when 17 is divided by m?
2
Let h = 41 + -23. Suppose 3*u - 45 = -h. Calculate the remainder when 47 is divided by 8/3*u/2.
11
Let h(z) = -z + 5. Let f be h(3). Suppose -5*n - 2 = -2*r - 32, f*n + 9 = 5*r. What is the remainder when 15 is divided by (-9)/6*n/(-3)?
3
Let y = 219 - 321. Calculate the remainder when 78 is divided by 6/60*-2 + y/(-10).
8
Let x = 629 + -581. What is the remainder when x is divided by 44?
4
Suppose -10 - 23 = -4*w + 13*c, -5*w = 2*c - 96. Let x = -11 + 18. What is the remainder when w is divided by x?
4
Suppose 0 = 5*t + 5*s - 10*s - 585, -4*t + 498 = 2*s. Calculate the remainder when t is divided by 39.
5
Let y(o) = -4*o - 11. Let b be y(-3). Let h = 9 - b. Let d(j) = -4*j**3 - j**2 - j + 1. Calculate the remainder when d(-2) is divided by h.
7
Let t = 45 - 118. Let b = -50 - t. Calculate the remainder when 45 is divided by b.
22
Let q be (10/4)/(1/(-2)). Let a be (-4)/20 + 49/q. Let j(d) = d**2 + 5*d - 13. Calculate the remainder when j(a) is divided by 20.
17
Let k(j) = j**3 - 11*j**2 - 12*j + 19. Let r(p) = 1. Let l(m) = k(m) + 4*r(m). Calculate the remainder when l(12) is divided by 5.
3
Let t(f) = f**3 - 3*f**2 - 7*f + 5. Let n be t(5). Let l = n + -4. Suppose 29*r = 2062 - 728. Calculate the remainder when r is divided by l.
14
Suppose -5*x = -0*x + 205. Let o(v) = 2*v - 125. Let j be o(19). Let b = x - j. Calculate the remainder when b is divided by 16.
14
Suppose 2*l - 11 = f, -21*l - 30 = -26*l + 5*f. What is the remainder when l is divided by 4?
1
Let l = 457 + -439. What is the remainder when 66 is divided by l?
12
Suppose -4*b - 4 = -5*b. What is the remainder when b is divided by 1?
0
Let b(o) = o**2 + 2*o - 13. Let w be b(4). Suppose 5*x - w = -1. Suppose -x = m + 4*v, 4*m - 42 = -3*v - 11. Calculate the remainder when 28 is divided by m.
8
Let x(c) = -8*c - 22. Let f = -586 - -604. What is the remainder when x(-9) is divided by f?
14
Let v be (2 - 14)/((-3)/2). Suppose v*o = 9*o - 2. Suppose 21 = g + o*z, -2*g + z + 4*z = -15. What is the remainder when 57 is divided by g?
12
Suppose -16*q - 108630 = -87*q. What is the remainder when q is divided by 73?
70
Suppose 0*p - 5*n + 58 = -4*p, 5*n + 38 = -4*p. Let k = 25 + 8. Let f = k + p. What is the remainder when 62 is divided by f?
20
Suppose 17*l - 136 = 85. Let v(y) = -2*y + 24. Calculate the remainder when v(0) is divided by l.
11
Let k = -13 + 20. Suppose 5*o + 305 = 5*n, 4*o - 155 = -5*n + 2*n. Let b = 76 - n. What is the remainder when b is divided by k?
5
Suppose -t - 105 = -139. Calculate the remainder when t is divided by 27.
7
Let k(h) = h**2 - 9*h + 25. Let g = 9 + -3. Let n(r) = -31*r + 1. What is the remainder when n(-1) is divided by k(g)?
4
Let a be 22/(-2) - (0 + -3). Let t = -43 + 78. Let c = t - a. Calculate the remainder when c is divided by 15.
13
Let w(a) = 8*a**2 + 1. Let g(o) = o**3 - 2*o**2 - 2*o - 4. Let k be g(3). Calculate the remainder when 35 is divided by w(k).
8
Let f = -3 - -5. Suppose -5*m - 19 - 96 = 0. Let x = -21 - m. Calculate the remainder when f is divided by x.
0
Let j = -264 + 268. Calculate the remainder when 5 is divided by j.
1
Let d = -18 - -38. Suppose -30 = -10*m + 5*m + 3*k, 2*m = -5*k + 12. Calculate the remainder when d is divided by m.
2
Suppose -a = -2*a + 49. Let u = 31 + -5. Calculate the remainder when a is divided by u.
23
Let g(b) = -b**3 - 11*b**2 - 58*b + 25. What is the remainder when g(-11) is divided by 18?
15
Let v be (-2)/(-12) + (-22)/(-12). Suppose 91 = 5*a - 2*j - v*j, -2*a + j + 37 = 0. Calculate the remainder when ((-6714)/(-30))/3 - (-6)/(-10) is divided by a.
17
Let k(p) = 5*p + 18. Let i be (-3 + 4)/((-4)/8). Let r(b) = -b**3 + b**2 + 20. What is the remainder when r(0) is divided by k(i)?
4
Suppose -g + 2*o = -20, -4*o + 15 = o. Let i be -2*(1 + g/(-4)). Suppose 0 = -k + 14 + i. Calculate the remainder when k is divided by 13.
12
Let r(p) = 6*p - 9. Suppose 3*m + 2*i = 52, -5*m + 2*m = -3*i - 57. Calculate the remainder when r(7) is divided by m.
15
Suppose -5*m + 1086 = -2539. What is the remainder when m is divided by 28?
25
Let i be 470/4 - (-10)/20. What is the remainder when i - (15/5 - 4) is divided by 41?
37
Suppose 88*u + 286 = 2574. Calculate the remainder when u is divided by (-1 + 0)/((-2)/14).
5
Let r(c) = c**3 - 13*c**2 + 24*c + 25. What is the remainder when r(13) is divided by 27?
13
Let m = 140 - 114. What is the remainder when m is divided by (3 - 0) + 6 + 0?
8
Let g = -51 - -47. Let z(q) = 3*q**2 + 12*q + 29. Calculate the remainder when z(g) is divided by 11.
7
Let d = -36 + 87. Let u(y) = -5*y - 12. Let n be u(-8). Let r = d - n. Calculate the remainder when r is divided by 13.
10
Let f = -432 + 521. Calculate the remainder when f is divided by 23.
20
What is the remainder when (1 - 9) + (-2800)/(-50) is divided by 8?
0
Let o = 1206 + -1198. What is the remainder when 262 is divided by o?
6
Calculate the remainder when 245 is divided by 3*(-2)/(-6)*19.
17
Suppose -g + 134 = -3*h + 7*h, h = g + 31. Let i = 222 + -127. What is the remainder when i is divided by h?
29
Let s(i) = i**2. Let t(l) = 3*l**2 - 20. Let g(z) = 2*s(z) - t(z). Let b be g(0). Suppose -b + 100 = 5*d. What is the remainder when 47 is divided by d?
15
Let f = -302 - -317. Let s(v) = -87*v - 1. What is the remainder when s(-1) is divided by f?
11
Calculate the remainder when ((-12)/6)/((-3)/(6*179)) is divided by 80.
76
Let r(v) = -2*v**3 - 2*v**2 + v - 2. Let y be r(-2). Suppose -y*m + 8 = t, -t + 0*t + 4*m = -16. Calculate the remainder when 35 is divided by t.
11
Suppose 2*l - 56 = 4*z, -z - 2*z - 32 = -4*l. Let o = 28 + z. Suppose -3*r - 3 = -o. Calculate the remainder when r is divided by 2.
1
Let n = 2 + 0. Let g(a) = -a**3 + a**2 + 52. Calculate the remainder when g(0) is divided by 6*(12/n)/2.
16
Let y = 24 + -21. Suppose 6 = 2*x, x - 246 = -y*n - 3*x. What is the remainder when n is divided by 16?
14
Suppose 121*p = 114*p + 56. Let w = 1 + 4. Calculate the remainder when p is divided by w.
3
Let p = 69 - 67. Calculate the remainder when p/2 + (1 - -28)*2 is divided by 20.
19
Suppose -734 = -14*z + 694. Calculate the remainder when 406 is divided by z.
100
Suppose l = 9 - 9. Suppose 13*n - 18*n + 20 = l. What is the remainder when 21 is divided by n?
1
Let u = 41 - 17. Suppose -5*k + 2*m - 6*m + 455 = 0, -5*k + 500 = -5*m. What is the remainder when k is divided by u?
23
Suppose 5*l - 2*v - 55 = 0, -4*l - v = -37 - 20. Calculate the remainder when 268 is divided by l.
8
Suppose 0 = -2*o + 2 + 50. Let a = 44 - o. Let l(f) = f**2 + 6*f. Calculate the remainder when a is divided by l(-7).
4
Let k(n) = n**3 + 5*n**2 - 4*n - 6. Suppose 3*i - 4*i = -3*d, -3*i + 10 = d. Suppose 93 + 27 = i*p. Calculate the remainder when p is divided by k(-5).
12
Let q = 636 - 622. What is the remainder when 152 is divided by q?
12
Let c = -432 + 461. What is the remainder when 136 is divided by c?
20
Let h(k) be the first derivative of -k**3/3 + 5*k**2/2 + 11*k + 9. Calculate the remainder when 54 is divided by h(5).
10
Let t(k) = k**2 - 4*k + 9. Let q be ((-2)/(-4))/(1/12). What is the remainder when (22 - (6 - -22)) + 129 + 0 is divided by t(q)?
18
Suppose 3*k - 4 - 2 = 0. Suppose p + 4 = 0, -k*q - p = 3*p + 8. Suppose 17 = 5*r - 3*m, -q*r + 0*m + 4*m + 20 = 0. What is the remainder when 1 is divided by r?
0
Let z(d) = -d**3 - 5*d**2 - 6*d - 10. Let u be z(-4). Calculate the remainder when 8/(1 + u/4) is divided by 6.
4
Let j = -44 + 47. Suppose 4*a - f - 162 = -j*f, -f = -4*a + 165. Calculate the remainder when a is divided by 22.
19
Suppose 1082 + 458 = 22*d. What is the remainder when 417 is divided by d?
67
Suppose -609 = -40*s + 631. What is the remainder when 255 is divided by s?
7
Let i = -62 + 76. Suppose -5*r + 390 = -2*p, -2*p - 100 = -r - i. What is the remainder when r is divided by 20?
16
Let j(t) = 3*t**2 + 35*t + 155. What is the re